{"id":2486,"date":"2024-04-22T22:56:40","date_gmt":"2024-04-22T20:56:40","guid":{"rendered":"https:\/\/pianottoli-diving.com\/?page_id=2486"},"modified":"2024-04-25T17:53:43","modified_gmt":"2024-04-25T15:53:43","slug":"mentions-legales","status":"publish","type":"page","link":"https:\/\/pianottoli-diving.com\/index.php\/mentions-legales\/","title":{"rendered":"Mentions L\u00e9gales"},"content":{"rendered":"\n<h5 class=\"wp-block-heading\"><strong>Identit\u00e9 de la soci\u00e9t\u00e9<\/strong><\/h5>\n\n\n\n<p><strong>Nom commercial <\/strong>: SAS PIANOTTOLI DIVING (SAS PIANOTTOLI DIVING)<br><strong>Dirigeant<\/strong> : M. Jean-Baptiste NICOLAI<br><strong>Activit\u00e9<\/strong> : Activit\u00e9s de club de sports<br><strong>Si\u00e8ge social<\/strong> : Arbitru Pianu, 20100 GIUNCHETO<br><strong>Forme juridique<\/strong> : soci\u00e9t\u00e9 par action simplifi\u00e9e<br><strong>SIRET <\/strong>: 53338758500011<br><strong>RCS<\/strong> : Ajaccio B 533 387 585<br><strong>Capital social<\/strong> : 500,00 EURO<br><strong>Immatriculation<\/strong> : 05-07-2011<br><strong>Nationalit\u00e9<\/strong> : France<\/p>\n\n\n\n<h5 class=\"wp-block-heading\"><strong>1. Pr\u00e9sentation de notre site web<\/strong><\/h5>\n\n\n\n<p>Conform\u00e9ment \u00e0 la loi n\u00b0 2004-2005 du 21 juin 2004 pour la confiance dans l\u2019\u00e9conomie num\u00e9rique, notre site web met \u00e0 disposition du public les informations concernant notre entreprise.<br>Eventuellement modifiables, nous vous invitons donc \u00e0 consulter nos mentions l\u00e9gales le plus souvent possible, de mani\u00e8re \u00e0 en prendre connaissance fr\u00e9quemment<\/p>\n\n\n\n<p>Le site <a href=\"https:\/\/pianottoli-diving.com\">www.pianottoli-diving.com<\/a> appartient \u00e0 Mr Jean-Baptiste Nicola\u00ef \u2013 SAS, dont le si\u00e8ge social est situ\u00e9 \u00e0 l\u2019adresse suivante : Arbitru Pianu, 20100 GIUNCHETO.<br>Personne physique ou morale, Mr Jean-Baptiste Nicola\u00ef est responsable de la publication et de l\u2019administration du site, dont l\u2019adresse e-mail est la suivante : <a href=\"mailto:contact@pianottoli-diving.com\">contact@pianottoli-diving.com<\/a><\/p>\n\n\n\n<p>Le site <a href=\"https:\/\/pianottoli-diving.com\">pianottoli-diving.com<\/a> est h\u00e9berg\u00e9 par HOSTINGER, dont le si\u00e8ge social est situ\u00e9 <strong>HOSTINGER INTERNATIONAL LTD, 61 Lordou Vironos Street, 6023 Larnaca, Chypre<\/strong>, joignable par le moyen suivant :https:\/\/www.hostinger.fr\/contact.<\/p>\n\n\n\n<h5 class=\"wp-block-heading\"><strong>2. Conditions g\u00e9n\u00e9rales d\u2019utilisation du site et des services propos\u00e9s.<\/strong><\/h5>\n\n\n\n<p>En utilisant notre site web <a href=\"https:\/\/pianottoli-diving.com\">www.pianottoli-diving.com<\/a> , vous acceptez pleinement et enti\u00e8rement les conditions g\u00e9n\u00e9rales d\u2019utilisation pr\u00e9cis\u00e9es dans nos mentions l\u00e9gales. Accessible \u00e0 tout type de visiteurs, il est important de pr\u00e9ciser toutefois qu\u2019une interruption pour maintenance du site web peut-\u00eatre d\u00e9cid\u00e9e par Mr Jean-Baptiste Nicola\u00ef. Les dates et heures d\u2019interruptions seront n\u00e9anmoins pr\u00e9cis\u00e9es \u00e0 l\u2019avance aux utilisateurs.<\/p>\n\n\n\n<h5 class=\"wp-block-heading\"><strong>3. Les produits ou services propos\u00e9s par<\/strong> <a href=\"https:\/\/pianottoli-diving.com\">www.pianottoli-diving.com<\/a><\/h5>\n\n\n\n<p>En accord avec sa politique de communication, le site <a href=\"https:\/\/pianottoli-diving.com\">www.pianottoli-diving.com<\/a> a pour vocation d\u2019informer les utilisateurs sur les services propos\u00e9s par Mr Jean-Baptiste Nicola\u00ef, qui s\u2019efforce alors de fournir des informations pr\u00e9cises sur son activit\u00e9. Cependant, des inexactitudes ou des omissions peuvent exister : la soci\u00e9t\u00e9 ne pourra en aucun cas \u00eatre tenue pour responsable pour toute erreur pr\u00e9sente sur le site <a href=\"https:\/\/pianottoli-diving.com\">www.pianottoli-diving.com<\/a> .<\/p>\n\n\n\n<h5 class=\"wp-block-heading\"><strong>4. Limitations contractuelles<\/strong><\/h5>\n\n\n\n<p>Les informations retranscrites sur notre site web <a href=\"https:\/\/pianottoli-diving.com\">www.pianottoli-diving.com<\/a> font l\u2019objet de d\u00e9marches qualitatives, en vue de nous assurer de leur fiabilit\u00e9. Cependant, nous ne pourrons encourir de responsabilit\u00e9s en cas d\u2019inexactitudes techniques lors de nos explications.<br>Si vous constatez une erreur concernant des informations que nous auront pu omettre, n\u2019h\u00e9sitez pas \u00e0 nous le signaler par mail \u00e0<a href=\"mailto:contact@pianottoli-diving.com\"> contact@pianottoli-diving.com<\/a><\/p>\n\n\n\n<p>Les liens reli\u00e9s directement ou indirectement \u00e0 notre site web<br><a href=\"https:\/\/pianottoli-diving.com\">www.pianottoli-diving.com<\/a> ne sont pas sous le contr\u00f4le de notre soci\u00e9t\u00e9. Par cons\u00e9quent, nous ne pouvons nous assurer de l\u2019exactitude des informations pr\u00e9sentes sur ces autres sites Internet.<\/p>\n\n\n\n<p>Utilisant la technologie JavaScript, le site <a href=\"https:\/\/pianottoli-diving.com\">www.pianottoli-diving.com<\/a> ne pourra \u00eatre tenu pour responsable en cas de dommages mat\u00e9riels li\u00e9s \u00e0 son utilisation. Par ailleurs, toute autre type de cons\u00e9quence li\u00e9e \u00e0 l\u2019exploitation du site <a href=\"https:\/\/pianottoli-diving.com\">www.pianottoli-diving.com<\/a> , qu\u2019elle soit direct ou indirect (bug, incompatibilit\u00e9, virus, perte de march\u00e9, etc.).<\/p>\n\n\n\n<h5 class=\"wp-block-heading\"><strong>5. Propri\u00e9t\u00e9 intellectuelle et contenu du site Internet<\/strong><\/h5>\n\n\n\n<p>Le contenu r\u00e9dactionnel du site web <a href=\"https:\/\/pianottoli-diving.com\">www.pianottoli-diving.com<\/a> appartient exclusivement \u00e0 Mr Jean-Baptiste Nicola\u00ef. Toute violation des droits d\u2019auteur est sanctionn\u00e9e par l\u2019article L.335-2 du Code de la Propri\u00e9t\u00e9 Intellectuelle, avec une peine encourue de 2 ans d\u2019emprisonnement et de 150 000\u20ac d\u2019amende<\/p>\n\n\n\n<p>Le site <a href=\"https:\/\/pianottoli-diving.com\">www.pianottoli-diving.com<\/a> ne pourra \u00eatre mis en cause en cas de propos injurieux, \u00e0 caract\u00e8re raciste, diffamant ou pornographique, \u00e9chang\u00e9s sur les espaces interactifs. La soci\u00e9t\u00e9 se r\u00e9serve \u00e9galement le droit de supprimer tout contenu contraire aux valeurs de l\u2019entreprise ou \u00e0 la l\u00e9gislation applicable en France.<\/p>\n\n\n\n<p>En naviguant sur le site <a href=\"https:\/\/pianottoli-diving.com\">www.pianottoli-diving.com<\/a> , l\u2019utilisateur accepte \u00e9galement l\u2019installation de cookies \u00e9ventuelle sur son ordinateur.<\/p>\n\n\n\n<h5 class=\"wp-block-heading\"><strong>6. Donn\u00e9es personnelles, respect de votre vie priv\u00e9e et de vos libert\u00e9s<\/strong><\/h5>\n\n\n\n<p>Toute informations recueillie sur le site web <a href=\"https:\/\/pianottoli-diving.com\">www.pianottoli-diving.com<\/a> se font dans le cadre des besoins li\u00e9s \u00e0 l\u2019utilisation de notre plateforme, tels que le formulaire de commande ou la demande d\u2019inscription \u00e0 la Newsletter. Par ailleurs, le d\u00e9sabonnement de la Newsletter se fait gr\u00e2ce au lien situ\u00e9 en pied de page.<br>Mr Jean-Baptiste Nicola\u00ef s\u2019engage \u00e0 ne c\u00e9der en aucun cas les informations concernant les utilisateurs du site Internet, de quelque fa\u00e7on qu\u2019il soit (vente, \u00e9change, pr\u00eat, location, don).<\/p>\n\n\n\n<p>Conform\u00e9ment \u00e0 la loi \u00ab informatique et libert\u00e9s \u00bb du 6 janvier 1978 modifi\u00e9e en 2004, l\u2019utilisateur b\u00e9n\u00e9ficie d\u2019un droit d\u2019acc\u00e8s et de rectification aux informations le concernant, droit qu\u2019il peut exercer \u00e0 tout moment en adressant un mail \u00e0 l\u2019adresse <a href=\"mailto:pianottoli-diving.com\">contact@pianottoli-diving.com<\/a>, ou en effectuant sa demande par courrier, \u00e0 l\u2019adresse suivante : Arbitru Pianu, 20100 GIUNCHETO.<\/p>\n\n\n\n<h5 class=\"wp-block-heading\"><strong>7. Droit applicable et lois concern\u00e9es<\/strong><\/h5>\n\n\n\n<p>Soumis au droit fran\u00e7ais, le site web <a href=\"https:\/\/pianottoli-diving.com\">www.pianottoli-diving.com<\/a> est encadr\u00e9 par la loi n\u00b0 2004-2005 du 21 juin 2004 pour la confiance dans l\u2019\u00e9conomie num\u00e9rique, l\u2019article L.335-2 du Code de la Propri\u00e9t\u00e9 Intellectuelle et la loi \u00ab informatique et libert\u00e9s \u00bb du 6 janvier 1978 modifi\u00e9e en 2004.<\/p>\n","protected":false},"excerpt":{"rendered":"<p>Identit\u00e9 de la soci\u00e9t\u00e9 Nom commercial : SAS PIANOTTOLI DIVING (SAS PIANOTTOLI DIVING)Dirigeant : M. Jean-Baptiste NICOLAIActivit\u00e9 : Activit\u00e9s de club de sportsSi\u00e8ge social : Arbitru Pianu, 20100 GIUNCHETOForme juridique<\/p>\n","protected":false},"author":1,"featured_media":0,"parent":0,"menu_order":0,"comment_status":"closed","ping_status":"closed","template":"","meta":{"_acf_changed":false,"footnotes":""},"acf":[],"_links":{"self":[{"href":"https:\/\/pianottoli-diving.com\/index.php\/wp-json\/wp\/v2\/pages\/2486"}],"collection":[{"href":"https:\/\/pianottoli-diving.com\/index.php\/wp-json\/wp\/v2\/pages"}],"about":[{"href":"https:\/\/pianottoli-diving.com\/index.php\/wp-json\/wp\/v2\/types\/page"}],"author":[{"embeddable":true,"href":"https:\/\/pianottoli-diving.com\/index.php\/wp-json\/wp\/v2\/users\/1"}],"replies":[{"embeddable":true,"href":"https:\/\/pianottoli-diving.com\/index.php\/wp-json\/wp\/v2\/comments?post=2486"}],"version-history":[{"count":6,"href":"https:\/\/pianottoli-diving.com\/index.php\/wp-json\/wp\/v2\/pages\/2486\/revisions"}],"predecessor-version":[{"id":2636,"href":"https:\/\/pianottoli-diving.com\/index.php\/wp-json\/wp\/v2\/pages\/2486\/revisions\/2636"}],"wp:attachment":[{"href":"https:\/\/pianottoli-diving.com\/index.php\/wp-json\/wp\/v2\/media?parent=2486"}],"curies":[{"name":"wp","href":"https:\/\/api.w.org\/{rel}","templated":true}]}}